alse
Suppose -2*w - 30 + 38 = 0. Is (-10 + w)/2 - -4430 prime?
False
Let p = 64 - 59. Suppose -p*q + 4*q = -3793. Is q prime?
True
Suppose -3*b + 21 = -4*b. Let g be (1 - -1)*b/14. Is (g - 0 - -1) + 37 a composite number?
True
Is 8/32 + 109606/8 + 2 prime?
False
Let h be 0 - ((-4 - -3) + 1). Suppose h*u - 273 = -3*u. Suppose 6*n = u + 383. Is n a composite number?
False
Suppose -1575 = -5*t + 5*v, -v = 3*t - 8*t + 1591. Let o(f) = 3*f**3 - f**2 + 2*f. Let g be o(1). Suppose -p = 2*w + 2*p - t, -g*p - 487 = -3*w. Is w composite?
True
Suppose 4*w = -3*o + 17832, 4451 = -0*w + w - o. Suppose 4*z - w - 989 = 0. Is z composite?
False
Suppose -13*v + 3*v = -55690. Is v a composite number?
False
Let l = 2782 - 573. Is l a composite number?
True
Let r(g) = 99*g + 3. Suppose 0*w + 28 = 4*w. Let q be r(w). Is (-3)/9 + q/9 a prime number?
False
Let c(b) = b**3 + 3*b**2 - 6*b - 6. Let p be c(-4). Suppose -3*g = -p*t - 477, 3*g = t - 134 + 368. Let y = t - -362. Is y a composite number?
True
Let b(k) = 3*k**3 + 12*k**2 - 5*k - 9. Let v be b(-9). Let c = v - -3110. Is c a prime number?
True
Suppose 5*v + 0*h - h + 1836 = 0, 3*v + 4*h = -1097. Let l = -739 - v. Let r = 785 + l. Is r composite?
True
Suppose 3*p - 3*b + 7 = -11, 12 = 4*b. Is ((-10732)/12)/(0 + p/9) composite?
False
Suppose 32*r + 57791 = 34*r - q, -4*r + 115576 = 4*q. Is r a prime number?
False
Suppose -2*n + 48534 = 12452. Is n prime?
True
Suppose -5*f = -6471 - 4324. Is f prime?
False
Let z(m) = 63*m - 2. Let s be z(1). Suppose s = -r + 442. Is r a composite number?
True
Suppose -47460 - 82237 = -23*y. Is y composite?
False
Let w(z) be the third derivative of -5*z**4/12 - 3*z**3/2 + z**2. Let r(m) = 39*m + 35. Let g(c) = 2*r(c) + 9*w(c). Is g(-12) a composite number?
True
Let t = 14 + 28. Let d be (-8)/12*t/(-1). Let v = d - 15. Is v a composite number?
False
Let h(a) = 210*a + 67. Is h(7) a composite number?
True
Suppose 4*x + 0*x - 8 = 0. Suppose g = -4*t + 523, 0 = -t - x*t - 3*g + 399. Suppose k = -k + t. Is k a composite number?
True
Is (-80765)/(-45) + 1/(18/4) a composite number?
True
Let j = 44024 - -20247. Is j composite?
False
Let n be (-3)/(-2)*10/5. Suppose -3*g + n*w + w + 28 = 0, 20 = -5*w. Suppose g*p + 2*y - 1180 = 0, -4*p + y + 3*y = -1156. Is p prime?
True
Let n(x) = 704*x**2 - 20*x - 5. Is n(4) a prime number?
False
Let x(a) = a**2 - a + 16. Let s be x(0). Suppose 8*u - s = 4*u. Suppose 2*h + 3*y - 101 = 0, 0 = 2*y + 2 - u. Is h composite?
True
Let x = -484775 - -764564. Is x a prime number?
False
Let v(r) = 25*r + 4. Let x(o) = 26*o + 3. Let p(i) = 4*v(i) - 6*x(i). Let k be p(-9). Suppose 6*s + 2*w = s + 641, -2*w = -4*s + k. Is s a prime number?
True
Suppose 14 + 0 = 7*x. Is ((-1402)/(-1))/(-8 + x - -8) a prime number?
True
Let t(o) = o**2 - 11 - 2*o - 9*o + 7*o**2 - 2*o. Suppose -3*j + 5*r - 25 = 0, -5*j = 3*r - 35 + 88. Is t(j) a prime number?
True
Suppose 0 = -3*z + 5*f - 14, -22 = -3*z - 0*f - 4*f. Suppose -z*n + h = 6*h - 5, -11 = -2*n - 3*h. Is 2/n - 2088/(-10) a prime number?
False
Let h = 37 - -19. Suppose -112 = 2*s - 5*b - 702, 0 = -s + 5*b + 305. Let n = h + s. Is n composite?
True
Let g = -65 + 77. Suppose g*o = 5*o + 23849. Is o composite?
False
Let n be (4 - 9)/10*-1774. Suppose -3*o + 2*o = -n. Is o a prime number?
True
Let z(c) = c**3 - 7*c**2 + 16. Let n be z(7). Is 4*(1260/n + 4) a composite number?
False
Let z = -1460 - -2434. Let k = 1723 - z. Is k a prime number?
False
Let u(z) = -6*z - 3. Let m(q) = -7*q - 4. Let r(t) = -7*m(t) + 6*u(t). Is r(9) a composite number?
False
Is 5752/7 - (-20)/(-28) composite?
False
Suppose -837 = -2*m + 13597. Is m a prime number?
False
Suppose 0 = 3*s - 2*i - 159, -i = -4*s - 3*i + 226. Let v = s + 202. Is v composite?
False
Let o(z) = 621*z**3. Let h be o(1). Let q = -328 + h. Is q a prime number?
True
Suppose 4*s - 6*x = -2*x + 8796, 4*s - 8804 = 2*x. Is s prime?
True
Is ((-5)/10)/((-9)/23742) a prime number?
True
Let b = 23 + -15. Suppose b = 3*y + 4*d, -5*y + 5*d + 14 = -11. Let x(n) = 83*n + 5. Is x(y) composite?
False
Let l = 7230 - 739. Is l prime?
True
Suppose 10*c = -5*c. Suppose -3*j + 2*i = -0*i + 13, 2*j + i = 3. Is 3 - c - (j - 31) composite?
True
Let m(z) = z**3 - 9*z**2 - z + 9. Let y be m(9). Suppose 4*b - 884 - 194 = -2*h, -h + b + 533 = y. Let j = h + -68. Is j prime?
True
Let p = -60 + 103. Suppose 2*n - 3*n + p = 0. Is n a composite number?
False
Let q be (3/1)/3*0. Suppose i - 2*i - 3*r + 139 = q, 4*r = 2*i - 238. Is i a prime number?
True
Let h = 2042 - -886. Is h/10 + 13/65 prime?
True
Suppose 87*s - 90460 = -4*c + 85*s, -s = -5*c + 113061. Is c composite?
False
Suppose 4*c - 4972 = 96. Let b = 2628 - c. Is b a prime number?
True
Suppose 6490 - 24000 = -10*z. Is z composite?
True
Let o be ((-4)/(-5))/((-8)/60). Let v(r) = 20*r**2 + 4*r + 2. Is v(o) a composite number?
True
Let o = -300 - -510. Suppose -3*l = -0*l - o. Let i = l - 21. Is i prime?
False
Suppose -4*h - a = -32, h - 6*h = -2*a - 40. Suppose 0 = -2*r - l + 2292, -3*r + l = -h*r + 5733. Is r prime?
False
Let f(d) = 416*d**2 + 17*d - 13. Is f(8) a composite number?
True
Suppose -28 = 4*f - 3*r - 9, -5*r = -5. Is (10/f - (-12)/4)*178 prime?
True
Is 5/(-1) - (-4 + 1)*358 composite?
False
Let b(k) = k**3 - 11*k**2 - 96*k - 51. Is b(28) a composite number?
False
Let l be (0 + -1)*(15 - 0). Let v = l + 21. Suppose h - v*h + 1585 = 0. Is h a prime number?
True
Is (1/(-5))/1 + 495264/20 prime?
True
Let a = 11 - 9. Suppose 3*r - 115 = a*r. Suppose s = -4*s + r. Is s prime?
True
Let r(y) = y**3 - 3*y**2 - 4*y + 6. Let d be r(4). Suppose 0 = 5*z + 4*j - 1235, 3*j - d*j + 989 = 4*z. Is z a prime number?
True
Let t be (-302)/(-12) + 2/(-12). Let u = t + -25. Suppose 0 = -u*p + 4*p - 3*z - 593, -p + 152 = 3*z. Is p composite?
False
Let v be (-6)/(-4) + (-18)/(-12). Suppose y = v*m + 17, -y + m - 1 = -2*y. Suppose 3*n = 2*l - 431, 4*l + l = -y*n + 1040. Is l a composite number?
False
Let v(b) = -641*b**3 - b**2 + 2*b + 3. Suppose -s = -d - d - 9, 4*d + 20 = 0. Is v(s) composite?
False
Let q(f) = -f**3 + 17*f**2 + 16*f + 29. Let x = -12 + 25. Is q(x) a prime number?
False
Let j(a) = -7*a**2 - a + 15. Let q(v) = -11*v**2 - 2*v + 23. Let m(k) = 8*j(k) - 5*q(k). Let x be m(4). Is (1/x)/(13/(-1911)) prime?
False
Suppose -7*i = 1 - 1. Suppose 5*x - 3038 - 467 = i. Is x composite?
False
Let c be ((-21)/(-6) + -1)*(0 + 2). Suppose g + y + 1167 = c*g, g + 3*y = 282. Is g prime?
False
Let c be (-2)/5 + (-1842)/(-5). Suppose -5*a + 923 = -132. Let p = c - a. Is p prime?
True
Let p(m) = -m**3 - 11*m**2 - 13*m + 20. Let i be p(-13). Suppose -4*w - 123 = -5*w + 5*y, 0 = -5*w + 3*y + i. Is w prime?
True
Let n = 223 + -86. Suppose n = -4*d - 10*y + 5*y, -5*d - 150 = 2*y. Is -254*(3 - d/(-8)) a composite number?
False
Let n = -6 + 9. Suppose -4*s + 4465 = 3*i - 1413, 0 = -3*s + n*i + 4398. Let l = -989 + s. Is l prime?
True
Suppose -5658 = 14*m - 34988. Is m prime?
False
Suppose 330073 = -85*n + 108*n. Is n prime?
False
Suppose 6*h = 2*h - 12, 12 = 3*b - 4*h. Let m be (-1 + b)/((-1)/(-25)). Let w = 212 + m. Is w a prime number?
False
Let c(s) = 15*s**3 - 3*s + 1. Let z(a) = -16*a**3 + 2*a - 1. Let k(p) = 7*c(p) + 6*z(p). Is k(4) prime?
True
Let r = -1690 + 10469. Is r prime?
True
Suppose 8289 = c + 620. Is c composite?
False
Suppose -5*w + 9*w + 43067 = 5*h, 0 = 4*h - 4*w - 34452. Is h a composite number?
True
Let o(y) = 124*y**2 + 5*y - 6. Let t be o(3). Suppose -6*d + t + 681 = 0. Is d prime?
False
Let m(b) = 30*b**2 - b + 3. Is m(4) a composite number?
False
Let t = -316 - -499. Let x = t - 92. Is x a composite number?
True
Let c(m) = 137*m + 42. Is c(13) prime?
True
Suppose -5 = 3*t - 4*u - 19, -u + 1 = -3*t. Is -1 - t - (1 + -631 + 0) prime?
True
Let l(b) = -1298*b + 45. Is l(-14) a composite number?
False
Let j = -3362 + 6471. Is j a composite number?
False
Suppose 2961 = -2*f - 1381. Let v = f + 3129. Is v prime?
False
Let v = 42 - 30. Let k(s) = s**3 - 10*s**2 - 11*s + 9. Let z be k(v). Let i = 40 + z. Is i a prime number?
False
Let q be 3/(-4)*-22*12. Suppose -2*v = -4*v - q. Let p = -42 - v. Is p composite?
True
Let y be 4*(1 + -1 - -1). Is -1*2/y*888/(-12) prime?
True
Let p = -17532 - -27053. Is p a composite number?
False
Suppose -10*m - 67969 = -21*